{"id":313,"date":"2026-02-25T19:10:48","date_gmt":"2026-02-25T19:10:48","guid":{"rendered":"https:\/\/www.ogrodysta.pl\/?page_id=313"},"modified":"2026-03-03T20:17:42","modified_gmt":"2026-03-03T20:17:42","slug":"strona_glowna","status":"publish","type":"page","link":"https:\/\/www.ogrodysta.pl\/","title":{"rendered":"Strona G\u0142\u00f3wna"},"content":{"rendered":"\n<div class=\"wp-block-group\"><div class=\"wp-block-group__inner-container is-layout-constrained wp-block-group-is-layout-constrained\">\n<h2 class=\"wp-block-heading\" id=\"o-mnie\">O mnie<\/h2>\n\n\n\n<div class=\"wp-block-media-text is-stacked-on-mobile\" style=\"grid-template-columns:46% auto\"><figure class=\"wp-block-media-text__media\"><img loading=\"lazy\" decoding=\"async\" width=\"768\" height=\"1024\" src=\"https:\/\/www.ogrodysta.pl\/wp-content\/uploads\/2025\/05\/452480741_8585041221524775_1990847907572030608_n-768x1024.jpg\" alt=\"\" class=\"wp-image-116 size-full\" srcset=\"https:\/\/www.ogrodysta.pl\/wp-content\/uploads\/2025\/05\/452480741_8585041221524775_1990847907572030608_n-768x1024.jpg 768w, https:\/\/www.ogrodysta.pl\/wp-content\/uploads\/2025\/05\/452480741_8585041221524775_1990847907572030608_n-225x300.jpg 225w, https:\/\/www.ogrodysta.pl\/wp-content\/uploads\/2025\/05\/452480741_8585041221524775_1990847907572030608_n-1152x1536.jpg 1152w, https:\/\/www.ogrodysta.pl\/wp-content\/uploads\/2025\/05\/452480741_8585041221524775_1990847907572030608_n-9x12.jpg 9w, https:\/\/www.ogrodysta.pl\/wp-content\/uploads\/2025\/05\/452480741_8585041221524775_1990847907572030608_n.jpg 1536w\" sizes=\"auto, (max-width: 768px) 100vw, 768px\" \/><\/figure><div class=\"wp-block-media-text__content\">\n<p><strong>Rafa\u0142 D\u0142ugowski<\/strong> \u2013 tw\u00f3rca marki <strong>Ogrodysta<\/strong>, kt\u00f3ra \u0142\u0105czy florystyk\u0119 i ogrodnictwo w jedn\u0105, sp\u00f3jn\u0105 filozofi\u0119 \u017cycia w\u015br\u00f3d ro\u015blin. Projektuj\u0119 ogrody, tworz\u0119 lasy w szkle, terraria i palludaria oraz unikatowe kompozycje ro\u015blinne do wn\u0119trz i przestrzeni publicznych.<\/p>\n\n\n\n<p>Jestem <strong>wyk\u0142adowc\u0105 w szkole policealnej<\/strong> \u2013 ucz\u0119 florystyki, dziel\u0119 si\u0119 praktyczn\u0105 wiedz\u0105 i ucz\u0119, jak tworzy\u0107 aran\u017cacje \u201ez dusz\u0105\u201d. <strong>Organizuj\u0119 warsztaty florystyczne i ogrodnicze<\/strong> dla os\u00f3b, kt\u00f3re chc\u0105 zacz\u0105\u0107 swoj\u0105 przygod\u0119 z ro\u015blinami lub rozwin\u0105\u0107 swoje umiej\u0119tno\u015bci.<\/p>\n\n\n\n<p>Stworzy\u0142em <strong>ogr\u00f3d spo\u0142eczny w centrum \u0141odzi<\/strong> \u2013 miejsce spotka\u0144, edukacji i wsp\u00f3lnej pracy nad zieleni\u0105 w przestrzeni miejskiej. Jako <strong>radny dzielnicy \u015ar\u00f3dmie\u015bcie w \u0141odzi<\/strong> anga\u017cuj\u0119 si\u0119 w inicjatywy, kt\u00f3re realnie zazieleniaj\u0105 miasto i \u0142\u0105cz\u0105 ludzi wok\u00f3\u0142 natury.<\/p>\n\n\n\n<p>Od ponad <strong>5 lat prowadz\u0119 grup\u0119 ro\u015blinn\u0105 na Facebooku o nazwie Ro\u015bliny- m\u00f3j \u015bwiat <\/strong>, integruj\u0105c spo\u0142eczno\u015b\u0107 pasjonat\u00f3w i wymieniaj\u0105c si\u0119 do\u015bwiadczeniem. Prywatnie mam ok. <strong>400 ro\u015blin<\/strong>, o kt\u00f3re dbam na co dzie\u0144.<\/p>\n<\/div><\/div>\n<\/div><\/div>\n\n\n\n<div class=\"wp-block-group\"><div class=\"wp-block-group__inner-container is-layout-constrained wp-block-group-is-layout-constrained\">\n<h2 class=\"wp-block-heading\" id=\"Oferta\">Oferta<\/h2>\n\n\n\n<div class=\"wp-block-columns is-layout-flex wp-container-core-columns-is-layout-9d6595d7 wp-block-columns-is-layout-flex\">\n<div class=\"wp-block-column is-layout-flow wp-block-column-is-layout-flow\">\n<ul class=\"wp-block-list\">\n<li>Projektowanie i zak\u0142adanie ogrod\u00f3w<\/li>\n\n\n\n<li>Lasy w szkle, terraria i palludaria<\/li>\n\n\n\n<li>Florystyka okoliczno\u015bciowa i dekoracyjna<\/li>\n\n\n\n<li>Opieka nad zieleni\u0105<\/li>\n\n\n\n<li>Warsztaty florystyczne i ogrodnicze<\/li>\n<\/ul>\n<\/div>\n<\/div>\n<\/div><\/div>\n\n\n\n<div class=\"wp-block-group\"><div class=\"wp-block-group__inner-container is-layout-constrained wp-block-group-is-layout-constrained\">\n<div class=\"wp-block-columns is-layout-flex wp-container-core-columns-is-layout-9d6595d7 wp-block-columns-is-layout-flex\">\n<div class=\"wp-block-column is-layout-flow wp-block-column-is-layout-flow\" style=\"flex-basis:10%\">\n<figure class=\"wp-block-image size-full is-resized\"><a href=\"https:\/\/www.facebook.com\/kawalekszklanegolasu\"><img loading=\"lazy\" decoding=\"async\" width=\"500\" height=\"500\" src=\"https:\/\/www.ogrodysta.pl\/wp-content\/uploads\/2026\/02\/kawalek-szklanego-lasu-logo.jpg\" alt=\"\" class=\"wp-image-326\" style=\"width:108px;height:auto\" srcset=\"https:\/\/www.ogrodysta.pl\/wp-content\/uploads\/2026\/02\/kawalek-szklanego-lasu-logo.jpg 500w, https:\/\/www.ogrodysta.pl\/wp-content\/uploads\/2026\/02\/kawalek-szklanego-lasu-logo-300x300.jpg 300w, https:\/\/www.ogrodysta.pl\/wp-content\/uploads\/2026\/02\/kawalek-szklanego-lasu-logo-150x150.jpg 150w\" sizes=\"auto, (max-width: 500px) 100vw, 500px\" \/><\/a><\/figure>\n<\/div>\n\n\n\n<div class=\"wp-block-column is-layout-flow wp-block-column-is-layout-flow\" style=\"flex-basis:90%\">\n<h2 class=\"wp-block-heading\" id=\"Kawa\u0142ek-Szklanego-Lasu\">Kawa\u0142ek Szklanego lasu<\/h2>\n<\/div>\n<\/div>\n\n\n\n<div class=\"wp-block-media-text is-stacked-on-mobile\" style=\"grid-template-columns:47% auto\"><figure class=\"wp-block-media-text__media\"><img loading=\"lazy\" decoding=\"async\" width=\"768\" height=\"960\" src=\"https:\/\/www.ogrodysta.pl\/wp-content\/uploads\/2026\/02\/terrarium.jpg\" alt=\"\" class=\"wp-image-327 size-full\" srcset=\"https:\/\/www.ogrodysta.pl\/wp-content\/uploads\/2026\/02\/terrarium.jpg 768w, https:\/\/www.ogrodysta.pl\/wp-content\/uploads\/2026\/02\/terrarium-240x300.jpg 240w\" sizes=\"auto, (max-width: 768px) 100vw, 768px\" \/><\/figure><div class=\"wp-block-media-text__content\">\n<p>Tworz\u0119 zamkni\u0119te mikroekosystemy w s\u0142oikach \u2013 \u017cywe rze\u017aby, kt\u00f3re \u0142\u0105cz\u0105 sztuk\u0119 i botanik\u0119. Ka\u017cdy las w szkle komponuj\u0119 r\u0119cznie, dbaj\u0105c o w\u0142a\u015bciwe pod\u0142o\u017ce, ro\u015bliny i dekoracje.<\/p>\n<\/div><\/div>\n<\/div><\/div>\n\n\n\n<div class=\"wp-block-group\"><div class=\"wp-block-group__inner-container is-layout-constrained wp-block-group-is-layout-constrained\">\n<h2 class=\"wp-block-heading\" id=\"Opinie\">Opinie Klient\u00f3w<\/h2>\n\n\n\n<div class=\"wp-block-columns is-layout-flex wp-container-core-columns-is-layout-9d6595d7 wp-block-columns-is-layout-flex\">\n<div class=\"wp-block-column is-layout-flow wp-block-column-is-layout-flow\">\n<blockquote class=\"wp-block-quote is-layout-flow wp-block-quote-is-layout-flow\">\n<p>Rafa\u0142 stworzy\u0142 m\u00f3j ogr\u00f3d marze\u0144 \u2013 wszystko perfekcyjnie dopracowane! <br><small>\u2013 Anna K.<\/small><\/p>\n<\/blockquote>\n<\/div>\n\n\n\n<div class=\"wp-block-column is-layout-flow wp-block-column-is-layout-flow\">\n<blockquote class=\"wp-block-quote is-layout-flow wp-block-quote-is-layout-flow\">\n<p>Profesjonalizm, pasja i ogromna wiedza \u2013 polecam ka\u017cdemu.<br> <small>\u2013 Micha\u0142 P.<\/small><\/p>\n<\/blockquote>\n<\/div>\n\n\n\n<div class=\"wp-block-column is-layout-flow wp-block-column-is-layout-flow\">\n<blockquote class=\"wp-block-quote is-layout-flow wp-block-quote-is-layout-flow\">\n<p>&#8222;Warsztaty z florystyki by\u0142y inspiruj\u0105ce i \u015bwietnie poprowadzone.&#8221; <br><small>\u2013 Katarzyna L.<\/small><\/p>\n<\/blockquote>\n<\/div>\n<\/div>\n\n\n\n<div class=\"wp-block-buttons is-content-justification-center is-layout-flex wp-container-core-buttons-is-layout-16018d1d wp-block-buttons-is-layout-flex\">\n<div class=\"wp-block-button\"><a class=\"wp-block-button__link has-white-color has-text-color has-background has-link-color has-text-align-left wp-element-button\" href=\"https:\/\/www.ogrodysta.pl\/?page_id=157\" style=\"border-top-left-radius:22px;border-top-right-radius:22px;border-bottom-left-radius:22px;border-bottom-right-radius:22px;background-color:#0b3d2e\">Zobacz wszystkie opinie<\/a><\/div>\n<\/div>\n<\/div><\/div>\n\n\n\n<div class=\"wp-block-group\"><div class=\"wp-block-group__inner-container is-layout-constrained wp-block-group-is-layout-constrained\">\n<h2 class=\"wp-block-heading\" id=\"Kontakt\">Kontakt<\/h2>\n\n\n\n<p class=\"has-text-align-center\">\ud83d\udce7 <a href=\"mailto:ogrodysta@interia.pl\">ogrodysta@interia.pl<\/a><br>\ud83d\udcde 530 601 004<\/p>\n\n\n\n<div class=\"wp-block-group is-content-justification-center is-nowrap is-layout-flex wp-container-core-group-is-layout-94bc23d7 wp-block-group-is-layout-flex\">\n<ul class=\"wp-block-social-links has-visible-labels is-layout-flex wp-block-social-links-is-layout-flex\"><li class=\"wp-social-link wp-social-link-facebook  wp-block-social-link\"><a href=\"https:\/\/www.facebook.com\/ogrodysta\" class=\"wp-block-social-link-anchor\"><svg width=\"24\" height=\"24\" viewBox=\"0 0 24 24\" version=\"1.1\" xmlns=\"http:\/\/www.w3.org\/2000\/svg\" aria-hidden=\"true\" focusable=\"false\"><path d=\"M12 2C6.5 2 2 6.5 2 12c0 5 3.7 9.1 8.4 9.9v-7H7.9V12h2.5V9.8c0-2.5 1.5-3.9 3.8-3.9 1.1 0 2.2.2 2.2.2v2.5h-1.3c-1.2 0-1.6.8-1.6 1.6V12h2.8l-.4 2.9h-2.3v7C18.3 21.1 22 17 22 12c0-5.5-4.5-10-10-10z\"><\/path><\/svg><span class=\"wp-block-social-link-label\">Facebook<\/span><\/a><\/li>\n\n<li class=\"wp-social-link wp-social-link-instagram  wp-block-social-link\"><a href=\"https:\/\/www.instagram.com\/ogrodysta\/\" class=\"wp-block-social-link-anchor\"><svg width=\"24\" height=\"24\" viewBox=\"0 0 24 24\" version=\"1.1\" xmlns=\"http:\/\/www.w3.org\/2000\/svg\" aria-hidden=\"true\" focusable=\"false\"><path d=\"M12,4.622c2.403,0,2.688,0.009,3.637,0.052c0.877,0.04,1.354,0.187,1.671,0.31c0.42,0.163,0.72,0.358,1.035,0.673 c0.315,0.315,0.51,0.615,0.673,1.035c0.123,0.317,0.27,0.794,0.31,1.671c0.043,0.949,0.052,1.234,0.052,3.637 s-0.009,2.688-0.052,3.637c-0.04,0.877-0.187,1.354-0.31,1.671c-0.163,0.42-0.358,0.72-0.673,1.035 c-0.315,0.315-0.615,0.51-1.035,0.673c-0.317,0.123-0.794,0.27-1.671,0.31c-0.949,0.043-1.233,0.052-3.637,0.052 s-2.688-0.009-3.637-0.052c-0.877-0.04-1.354-0.187-1.671-0.31c-0.42-0.163-0.72-0.358-1.035-0.673 c-0.315-0.315-0.51-0.615-0.673-1.035c-0.123-0.317-0.27-0.794-0.31-1.671C4.631,14.688,4.622,14.403,4.622,12 s0.009-2.688,0.052-3.637c0.04-0.877,0.187-1.354,0.31-1.671c0.163-0.42,0.358-0.72,0.673-1.035 c0.315-0.315,0.615-0.51,1.035-0.673c0.317-0.123,0.794-0.27,1.671-0.31C9.312,4.631,9.597,4.622,12,4.622 M12,3 C9.556,3,9.249,3.01,8.289,3.054C7.331,3.098,6.677,3.25,6.105,3.472C5.513,3.702,5.011,4.01,4.511,4.511 c-0.5,0.5-0.808,1.002-1.038,1.594C3.25,6.677,3.098,7.331,3.054,8.289C3.01,9.249,3,9.556,3,12c0,2.444,0.01,2.751,0.054,3.711 c0.044,0.958,0.196,1.612,0.418,2.185c0.23,0.592,0.538,1.094,1.038,1.594c0.5,0.5,1.002,0.808,1.594,1.038 c0.572,0.222,1.227,0.375,2.185,0.418C9.249,20.99,9.556,21,12,21s2.751-0.01,3.711-0.054c0.958-0.044,1.612-0.196,2.185-0.418 c0.592-0.23,1.094-0.538,1.594-1.038c0.5-0.5,0.808-1.002,1.038-1.594c0.222-0.572,0.375-1.227,0.418-2.185 C20.99,14.751,21,14.444,21,12s-0.01-2.751-0.054-3.711c-0.044-0.958-0.196-1.612-0.418-2.185c-0.23-0.592-0.538-1.094-1.038-1.594 c-0.5-0.5-1.002-0.808-1.594-1.038c-0.572-0.222-1.227-0.375-2.185-0.418C14.751,3.01,14.444,3,12,3L12,3z M12,7.378 c-2.552,0-4.622,2.069-4.622,4.622S9.448,16.622,12,16.622s4.622-2.069,4.622-4.622S14.552,7.378,12,7.378z M12,15 c-1.657,0-3-1.343-3-3s1.343-3,3-3s3,1.343,3,3S13.657,15,12,15z M16.804,6.116c-0.596,0-1.08,0.484-1.08,1.08 s0.484,1.08,1.08,1.08c0.596,0,1.08-0.484,1.08-1.08S17.401,6.116,16.804,6.116z\"><\/path><\/svg><span class=\"wp-block-social-link-label\">Instagram<\/span><\/a><\/li><\/ul>\n<\/div>\n<\/div><\/div>\n","protected":false},"excerpt":{"rendered":"<p>O mnie Rafa\u0142 D\u0142ugowski \u2013 tw\u00f3rca marki Ogrodysta, kt\u00f3ra \u0142\u0105czy florystyk\u0119 i ogrodnictwo w jedn\u0105, sp\u00f3jn\u0105 filozofi\u0119 \u017cycia w\u015br\u00f3d ro\u015blin. Projektuj\u0119 ogrody, tworz\u0119 lasy w szkle, terraria i palludaria oraz unikatowe kompozycje ro\u015blinne do wn\u0119trz i przestrzeni publicznych. Jestem wyk\u0142adowc\u0105 w szkole policealnej \u2013 ucz\u0119 florystyki, dziel\u0119 si\u0119 praktyczn\u0105 wiedz\u0105 i ucz\u0119, jak tworzy\u0107 aran\u017cacje [&hellip;]<\/p>\n","protected":false},"author":3,"featured_media":0,"parent":0,"menu_order":0,"comment_status":"closed","ping_status":"closed","template":"","meta":{"footnotes":""},"class_list":["post-313","page","type-page","status-publish","hentry"],"_links":{"self":[{"href":"https:\/\/www.ogrodysta.pl\/index.php?rest_route=\/wp\/v2\/pages\/313","targetHints":{"allow":["GET"]}}],"collection":[{"href":"https:\/\/www.ogrodysta.pl\/index.php?rest_route=\/wp\/v2\/pages"}],"about":[{"href":"https:\/\/www.ogrodysta.pl\/index.php?rest_route=\/wp\/v2\/types\/page"}],"author":[{"embeddable":true,"href":"https:\/\/www.ogrodysta.pl\/index.php?rest_route=\/wp\/v2\/users\/3"}],"replies":[{"embeddable":true,"href":"https:\/\/www.ogrodysta.pl\/index.php?rest_route=%2Fwp%2Fv2%2Fcomments&post=313"}],"version-history":[{"count":39,"href":"https:\/\/www.ogrodysta.pl\/index.php?rest_route=\/wp\/v2\/pages\/313\/revisions"}],"predecessor-version":[{"id":735,"href":"https:\/\/www.ogrodysta.pl\/index.php?rest_route=\/wp\/v2\/pages\/313\/revisions\/735"}],"wp:attachment":[{"href":"https:\/\/www.ogrodysta.pl\/index.php?rest_route=%2Fwp%2Fv2%2Fmedia&parent=313"}],"curies":[{"name":"wp","href":"https:\/\/api.w.org\/{rel}","templated":true}]}}